 14*y**2 + 12*y + 5. Suppose -2*f + 52 = 2*f. Let b be c(f). Let v(g) = -g + 10. Does 9 divide v(b)?
True
Let d = -188 + 109. Let r = d + 90. Is r a multiple of 11?
True
Suppose 0 = -40*c - 1937 + 49297. Is 16 a factor of c?
True
Is (-2)/(-15) - (-367066)/105 a multiple of 46?
True
Is (-252)/(-12)*(11 + -2) a multiple of 9?
True
Does 23 divide (-26)/(-91) + (-2 - (-2924)/7)?
False
Is 16 a factor of 510*(-16)/(-40)*16/6?
True
Let d = -15 - -87. Suppose 4*s + a - 478 = 0, 0 = -s - a + 190 - d. Does 20 divide s?
True
Let q = 168 + 456. Is 16 a factor of q?
True
Suppose -21*h - 17578 = -43*h. Does 47 divide h?
True
Let l = 20 - 7. Let a be (-8)/(-32) - l/4. Is 72*((-2)/a - 0) a multiple of 16?
True
Suppose 40*m + 39556 = 71*m. Is 58 a factor of m?
True
Suppose 0 = 5*h - 7*h - 5*i + 2200, -2176 = -2*h + i. Is 19 a factor of h?
False
Suppose 3*y - 4*m = 38, y - 3*m = -4*y + 56. Suppose 0*l + y*l = 440. Is 6 a factor of l?
False
Suppose 3*u - 4*u = 4*d + 7, 0 = -2*u + 2. Let y(f) = 6*f**2 + 4*f - 2. Is y(d) a multiple of 5?
False
Let t = -26 + 60. Suppose 4*p + 100 = -5*g, -g = -4*g - 2*p - 58. Let z = g + t. Is z a multiple of 9?
True
Let h(w) be the second derivative of -4*w + 7/6*w**3 + 1/4*w**4 + 0 + 2*w**2. Is 15 a factor of h(-5)?
False
Suppose -2*b = 6*a - 3*a - 4, -a + 2*b + 4 = 0. Suppose 0 = -a*q - 4*s + 282, 2*q - 5*q + 402 = -s. Is 27 a factor of q?
True
Let j = 1637 + -774. Does 25 divide j?
False
Let m(z) = -20*z - 2. Let j(q) = -q - 1. Let s(w) = 2*j(w) - 2*m(w). Let p(f) = -1521*f - 81. Let g(u) = -2*p(u) - 81*s(u). Is g(-1) a multiple of 9?
True
Let q = -15 - -18. Suppose -q*w - 7 = -4*m + 6, 0 = -4*m + 4*w + 12. Is 12 a factor of 71/m + (-1)/(-4)?
False
Let b(m) = 42*m**3 + 6*m - 4. Is 4 a factor of b(1)?
True
Let m(d) = -d**2 + 17*d - 10. Let i be m(7). Suppose 13*c - i = 11*c. Is c a multiple of 8?
False
Let q be (-2)/3 - (-2 + 12/9). Suppose -2*t + 98 = 2*s, t + 57 = s - q*t. Does 6 divide s?
False
Let b(v) = -3*v + v + 0*v + v + 11. Let k be b(7). Suppose -3*p = 4*g - 75, 2 = k*p + g - 98. Does 25 divide p?
True
Let l(j) = j**2 + 13*j - 3. Suppose -5*u + 4*o + 9 = 0, 0 = -5*u - 2*o + 33. Let t(p) = p**2 + 12*p - 4. Let r(z) = u*l(z) - 6*t(z). Is 4 a factor of r(-7)?
False
Let x be 1*(-3)/1 + -3. Let z = 5 + x. Let j(h) = -17*h**3 - 2*h**2 - 2*h - 1. Does 9 divide j(z)?
False
Let l be (-9 + 3)/(6/((-3)/(-1))). Is (396/(-77))/(l/56) a multiple of 12?
True
Let y be (3/1 - 2) + -101. Does 43 divide 1586/10 + 4*15/y?
False
Suppose -4*q - 25 = 3. Let y(h) = h**3 + 7*h**2 + h + 7. Let k be y(q). Suppose k = 2*f - n - 40, 4*f - 76 = n + 2*n. Is 11 a factor of f?
True
Let x(u) = 24 + u**2 - 60*u + 25*u + 31*u + 3*u**2. Does 16 divide x(6)?
True
Let o(y) be the first derivative of -y**2 + 3 + 2/3*y**3 - 4*y. Does 12 divide o(-4)?
True
Let o(s) be the second derivative of s**3/6 - 3*s**2 + 4*s. Let k be o(8). Suppose q - 4*a - 78 = 0, k*q - 3*a - 247 = -2*q. Does 10 divide q?
False
Suppose 15*p = 16*p - 8. Is p a multiple of 3?
False
Let j(w) = -9*w + 1. Let v(l) = l + 4. Let z be v(5). Let a = z + -11. Is j(a) a multiple of 5?
False
Let q be 15*(5 + 96/(-20)). Suppose -3*z - 3*s + 323 = s, -q*z + 309 = -3*s. Is z a multiple of 16?
False
Suppose 0 = 725*r - 724*r - 1855. Does 13 divide r?
False
Let c = 890 - -610. Does 60 divide c?
True
Suppose 3*l - 1456 = -4*l. Does 31 divide l?
False
Is 1247196/318*(1 - 0)*1 a multiple of 27?
False
Suppose 4*l + 44 = 2*d, 3*l + 2*d = d - 43. Let z = -5 + 28. Let k = z + l. Is k a multiple of 8?
False
Suppose 141 - 21 = 4*d. Let o = d - 15. Is o a multiple of 3?
True
Let v(z) = z**3 - 17*z**2 + 17*z + 21. Is v(19) a multiple of 12?
False
Suppose -7*o - 6 = 4*c - 5*o, 0 = -5*o - 15. Suppose 72 + 19 = d + 5*j, c = 2*j - 6. Suppose 7 = -h + 3, -3*x + 4*h = -d. Is x a multiple of 20?
True
Let w be (-122)/(-5) + (-4)/10. Let r = w + 11. Is 13 a factor of r?
False
Suppose 0 = -10*a + 6*a - 44. Let j = 195 + a. Let r = j + -106. Is 26 a factor of r?
True
Let x be 3 + -1 - 37*52/(-4). Let q = x + -339. Does 12 divide q?
True
Suppose -1293 = -3*n - 483. Is n a multiple of 15?
True
Does 17 divide (-1 - (-1329)/15) + 46/115?
False
Let s = 597 - 206. Let h = s + -208. Is h a multiple of 23?
False
Let y(t) = 4*t**2 + 4*t + 7. Suppose -3*j = l - 19 - 1, -3*l - 5 = -4*j. Is 19 a factor of y(l)?
False
Let c(u) = -u - 25. Let a(s) = -s - 1. Let g(x) = -x - 61. Let z(w) = 2*a(w) + 2*g(w). Let p(b) = 24*c(b) - 5*z(b). Does 14 divide p(-14)?
False
Suppose -t = -3*a + 290, 2*a = -3*a + 2*t + 485. Suppose 0*j = 5*p + j - 423, -5*j = -p + a. Is 38 a factor of p?
False
Suppose 0 = -140*w + 138*w + 1794. Is w a multiple of 29?
False
Let l be (2 + (-5)/2)*(-6 + -4). Suppose l*b - 2*t + 7*t = 205, 155 = 5*b - 5*t. Does 6 divide b?
True
Let t = -1179 - -1683. Is t a multiple of 29?
False
Suppose 5*m + 14 + 11 = 0. Let v be (-4 - m)/((-4)/(-16)). Suppose 6 = v*r - 90. Is r a multiple of 12?
True
Let f(u) = -2 - 3*u + 4*u - 1. Let i be f(4). Is 16 a factor of (-74)/4*(i - 3)?
False
Is 2025 - 0*2/12 a multiple of 45?
True
Let v(s) be the second derivative of -s**5/20 + 5*s**4/6 - 4*s**3/3 - s. Is v(9) a multiple of 9?
True
Let l(x) = x**3 + 10*x**2 + 4*x. Let q(k) = k**3 + 22*k**2 + k + 18. Let v be q(-22). Does 20 divide l(v)?
True
Let n = 273 - 147. Is 14 a factor of n?
True
Let c be 33 - (-4)/6*3. Let f = -1 + c. Let h = f + -20. Does 4 divide h?
False
Let z(t) = -5*t**3 - 21*t**2 + 31*t + 10. Let k(l) = 2*l**3 + 10*l**2 - 15*l - 5. Let d(h) = -7*k(h) - 3*z(h). Does 6 divide d(6)?
False
Let f(n) = -2*n + 16. Let u be f(6). Suppose -u*v + 420 = v. Is (2 - 1)/(2/v) a multiple of 8?
False
Let h(k) = 3*k**2 - 2*k - 4. Suppose -3*w = w - 20. Let a be h(w). Is 16 a factor of -1 + a - 21/(-7)?
False
Let v(b) = -15*b + 10. Let y be v(4). Let f be (y/(-15))/(2/(-3)). Is 2 a factor of 9/(-45) + (-36)/f?
False
Let c(d) = 2*d + 24. Let i be c(-12). Suppose i = -2*h - 4*s + 160, s - 1 = 4. Does 15 divide h?
False
Suppose -6*z + 30 = 12. Suppose -2*q - 111 = -z*n - 4*q, 2*n - 64 = 2*q. Is 7 a factor of n?
True
Suppose -1166 = -24*t - 29*t. Does 22 divide t?
True
Let g(q) = -q**2 + 7*q - 9. Let o be g(7). Let d = -4 - o. Suppose d*h - 84 = -4*i, 3*i - 50 = -3*h + i. Is h a multiple of 4?
True
Suppose -2*c + 10 = -3*c. Let h be c/(-35) + (-635)/(-7). Suppose h = g + 13. Does 26 divide g?
True
Let b(l) = -2*l**3 + 32*l**2 - 25*l - 18. Is b(15) even?
False
Let o(p) = 6*p + 321. Does 33 divide o(-33)?
False
Suppose 2570 + 4434 = s. Suppose 3*n + s = 20*n. Does 22 divide n?
False
Let z = -1842 + 3750. Is 159 a factor of z?
True
Let g = -5 + 8. Is -1*(-31 - (g + -3)) a multiple of 7?
False
Suppose -414 = -o - u, -4*o = -5*o + 2*u + 426. Does 11 divide o?
True
Suppose -4*g + 1595 = 7*g. Let m = 368 - g. Is 15 a factor of m?
False
Suppose 34996 - 5516 = 22*o. Is 10 a factor of o?
True
Does 8 divide -8 + (-7 - -19) - (-2083 + -1)?
True
Suppose -4*h = -11 - 1. Suppose 2*w = -4, q - 11 = h*w + 7. Suppose 0 = 9*p - q*p + 360. Does 40 divide p?
True
Let n be (-1 - 1)*25/(-10). Let z(c) = -c**2 + 7*c - 2. Let x be z(n). Let o = x + 3. Is o a multiple of 11?
True
Let p(v) = 0*v - 12*v**2 + v**3 + 4*v + v - 12*v - 22. Does 8 divide p(13)?
True
Suppose -2*q - 68 = -4*y, 0 = 4*y - 0*q - 5*q - 74. Suppose -5*h - o = y, 5*h - o - 2*o = -12. Is (h + 2)/(1/(-19)) a multiple of 19?
True
Is 10 a factor of 2/(-13) - (7 - 6463/13)?
True
Suppose -2*s - 5*u = -5821, 4*u + 8674 = -15*s + 18*s. Is s a multiple of 96?
False
Let m(l) = -l**3 - l**2 - 3*l - 9. Let x(f) = f**3 - 10*f**2 + 15*f + 4. Let n be x(8). Is m(n) a multiple of 17?
True
Suppose -o + d + 55 + 141 = 0, 5*o - 976 = 4*d. Suppose o = 4*y - y. Let x = y - 38. Does 12 divide x?
False
Let j(k) = -k**2 + 18*k - 25. Is j(9) a multiple of 56?
True
Suppose -123 = -5*g + 22. Suppose 0 = -11*j + g + 4. Is j even?
False
Suppose -16 = -w + 4*z, w - 4*w = -3*z - 48. Is 14 a factor of w?
False
Let j(s) = 9*s**2 - 35*s - 16. Let m(b) = -5*b**2 + 18*b + 8. Let y(t) = -6*j(t) - 11*m(t). Does 57 divide y(10)?
True
Suppose -47 = -4*o + 49. Let h = 36 + -46. Let u = h + o. Is u a multiple of 7?
True
Let y(m) = -7*m - 3*m**2 - 25 + 24 + m. Let o(g) = -7*g**2 - 11*g - 2. Let s(x) = -4*o(x) + 7*y(x). Is 18 a factor of s(3)?
Fal